by 1262.
239
What is the remainder when 55919 is divided by 35?
24
What is the remainder when 80901 is divided by 10112?
5
What is the remainder when 3882 is divided by 3775?
107
Calculate the remainder when 1863 is divided by 303.
45
What is the remainder when 165469 is divided by 37?
5
Calculate the remainder when 10366 is divided by 10257.
109
Calculate the remainder when 16339 is divided by 5.
4
Calculate the remainder when 2610 is divided by 155.
130
Calculate the remainder when 370 is divided by 51.
13
Calculate the remainder when 704 is divided by 251.
202
What is the remainder when 22518 is divided by 168?
6
What is the remainder when 14571401 is divided by 722?
719
What is the remainder when 101168 is divided by 9?
8
Calculate the remainder when 47418 is divided by 47404.
14
What is the remainder when 27374 is divided by 209?
204
Calculate the remainder when 26761 is divided by 2229.
13
Calculate the remainder when 111 is divided by 24.
15
Calculate the remainder when 20093 is divided by 1989.
203
What is the remainder when 151791 is divided by 44?
35
Calculate the remainder when 6165 is divided by 1649.
1218
Calculate the remainder when 90540 is divided by 5030.
0
What is the remainder when 548 is divided by 166?
50
What is the remainder when 4246 is divided by 528?
22
Calculate the remainder when 4259 is divided by 985.
319
What is the remainder when 474 is divided by 343?
131
Calculate the remainder when 271025 is divided by 41.
15
What is the remainder when 1567627 is divided by 1503?
1501
Calculate the remainder when 19632 is divided by 9799.
34
Calculate the remainder when 102699 is divided by 10.
9
Calculate the remainder when 795 is divided by 45.
30
Calculate the remainder when 9351 is divided by 9334.
17
What is the remainder when 43388 is divided by 128?
124
What is the remainder when 35786 is divided by 179?
165
Calculate the remainder when 887 is divided by 107.
31
Calculate the remainder when 2544 is divided by 110.
14
Calculate the remainder when 173197 is divided by 390.
37
Calculate the remainder when 1569 is divided by 514.
27
Calculate the remainder when 11302 is divided by 3764.
10
What is the remainder when 15492 is divided by 3675?
792
Calculate the remainder when 228263 is divided by 6.
5
Calculate the remainder when 32314 is divided by 226.
222
What is the remainder when 4054 is divided by 888?
502
Calculate the remainder when 812587 is divided by 418.
413
Calculate the remainder when 104234 is divided by 57.
38
Calculate the remainder when 5715 is divided by 318.
309
What is the remainder when 1876933 is divided by 52?
45
What is the remainder when 228955 is divided by 476?
475
Calculate the remainder when 31147 is divided by 1207.
972
Calculate the remainder when 75112 is divided by 234.
232
Calculate the remainder when 45717 is divided by 224.
21
What is the remainder when 13884 is divided by 48?
12
Calculate the remainder when 2773 is divided by 480.
373
Calculate the remainder when 963 is divided by 4.
3
Calculate the remainder when 35846 is divided by 299.
265
Calculate the remainder when 119423 is divided by 7961.
8
Calculate the remainder when 5204 is divided by 1299.
8
Calculate the remainder when 4982 is divided by 332.
2
What is the remainder when 102678 is divided by 680?
678
What is the remainder when 20699 is divided by 354?
167
Calculate the remainder when 11339 is divided by 1243.
152
Calculate the remainder when 64282 is divided by 43.
40
Calculate the remainder when 12772 is divided by 455.
32
Calculate the remainder when 2898 is divided by 66.
60
Calculate the remainder when 7289 is divided by 45.
44
What is the remainder when 18694 is divided by 116?
18
Calculate the remainder when 2134 is divided by 178.
176
Calculate the remainder when 2968 is divided by 30.
28
Calculate the remainder when 1388775 is divided by 536.
535
Calculate the remainder when 108325 is divided by 4.
1
What is the remainder when 811402 is divided by 202848?
10
What is the remainder when 24026 is divided by 23986?
40
Calculate the remainder when 70147 is divided by 17527.
39
What is the remainder when 2833 is divided by 111?
58
Calculate the remainder when 766 is divided by 315.
136
Calculate the remainder when 1170 is divided by 1156.
14
What is the remainder when 330 is divided by 312?
18
What is the remainder when 38410 is divided by 662?
14
What is the remainder when 36524 is divided by 432?
236
Calculate the remainder when 11821 is divided by 271.
168
Calculate the remainder when 346390 is divided by 72.
70
What is the remainder when 87141 is divided by 9657?
228
What is the remainder when 9909 is divided by 102?
15
Calculate the remainder when 2165 is divided by 130.
85
What is the remainder when 18593 is divided by 9259?
75
Calculate the remainder when 12358 is divided by 12355.
3
Calculate the remainder when 1354 is divided by 44.
34
Calculate the remainder when 235714 is divided by 235680.
34
What is the remainder when 27417 is divided by 763?
712
What is the remainder when 444197 is divided by 23378?
15
What is the remainder when 200096 is divided by 150?
146
What is the remainder when 6687 is divided by 687?
504
What is the remainder when 2907 is divided by 65?
47
Calculate the remainder when 37189 is divided by 1549.
13
Calculate the remainder when 2545 is divided by 19.
18
Calculate the remainder when 9299 is divided by 79.
56
What is the remainder when 89919 is divided by 1835?
4
Calculate the remainder when 3533 is divided by 178.
151
Calculate the remainder when 421132 is divided by 74.
72
What is the remainder when 183007 is divided by 510?
427
Calculate the remainder when 8303 is divided by 1618.
213
Calculate the remainder when 22749 is divided by 1197.
6
Calculate the remainder when 935045 is divided by 41.
40
What is the remainder when 415 is divided by 46?
1
Calculate the remainder when 11871 is divided by 3787.
510
Calculate the remainder when 1941 is divided by 67.
65
What is the remainder when 20258 is divided by 521?
460
Calculate the remainder when 7507 is divided by 394.
21
What is the remainder when 545895 is divided by 181965?
0
Calculate the remainder when 253374 is divided by 126673.
28
Calculate the remainder when 1806 is divided by 448.
14
What is the remainder when 121413 is divided by 604?
9
Calculate the remainder when 232199 is divided by 336.
23
Calculate the remainder when 897835 is divided by 2407.
24
Calculate the remainder when 61757 is divided by 357.
353
Calculate the remainder when 98536 is divided by 52.
48
What is the remainder when 52378 is divided by 283?
23
Calculate the remainder when 12077 is divided by 11975.
102
Calculate the remainder when 2266 is divided by 49.
12
What is the remainder when 58702 is divided by 114?
106
Calculate the remainder when 24633 is divided by 320.
313
What is the remainder when 1143 is divided by 47?
15
What is the remainder when 54182 is divided by 387?
2
What is the remainder when 16040 is divided by 35?
10
What is the remainder when 60404 is divided by 330?
14
Calculate the remainder when 2147705 is divided by 168.
161
What is the remainder when 2446 is divided by 674?
424
What is the remainder when 138022 is divided by 79?
9
Calculate the remainder when 606236 is divided by 360.
356
What is the remainder when 4193 is divided by 800?
193
Calculate the remainder when 1494 is divided by 346.
110
Calculate the remainder when 556291 is divided by 92715.
1
What is the remainder when 66789 is divided by 970?
829
Calculate the remainder when 2218 is divided by 504.
202
Calculate the remainder when 65470 is divided by 21807.
49
What is the remainder when 5474 is divided by 1822?
8
What is the remainder when 34751 is divided by 4?
3
What is the remainder when 13219 is divided by 60?
19
Calculate the remainder when 3378 is divided by 367.
75
Calculate the remainder when 556473 is divided by 185.
178
What is the remainder when 117730 is divided by 121?
118
What is the remainder when 53240 is divided by 82?
22
What is the remainder when 13464 is divided by 4481?
21
What is the remainder when 1029889 is divided by 211?
209
What is the remainder when 4723 is divided by 11?
4
What is the remainder when 1373 is divided by 65?
8
Calculate the rema